1. Let w be q/((-6)/(-3))*0. Suppose 2*m - 28 = b, 2*b = m - w*m - 20. Calculate the remainder when m is divided by 7.
5
Suppose -f - 2*a + 58 = 0, -2*a + 68 = 5*f - 206. Suppose -n + f = 8. Calculate the remainder when 274 is divided by n.
44
Let z(s) = 15*s - 549 - 3*s**2 + 555 + 3*s**2 - 2*s**2. What is the remainder when 50 is divided by z(7)?
11
Suppose -3*b + 646 = 2*o - 653, 11*o = 5*b + 7080. Calculate the remainder when o is divided by 54.
51
Let l(v) = -4*v - 17. Let f(z) = -z - 17. Let p be f(-7). Let m be l(p). Calculate the remainder when 59 is divided by 2 + (0 - 3) + m.
15
Let l(n) be the second derivative of n**4/3 - 7*n**3/6 - 10*n**2 + 171*n. Calculate the remainder when 571 is divided by l(6).
79
Let h(k) = -k + 47. Let f be h(13). Suppose -84 = -2*x - f. Calculate the remainder when 324 is divided by x.
24
Let s(b) = -29*b**3 - b**2. Suppose 14*p - 15*p - 1 = 0. Suppose 0 = -5*v - 5*u + 35 + 255, v - 3*u = 42. Calculate the remainder when v is divided by s(p).
26
Let j = 727 - 713. Let u be ((-16)/(-14))/(16/56). Suppose 0 = -u*n, 162 = 3*l + 2*n + 2*n. Calculate the remainder when l is divided by j.
12
Suppose 5*g - 42 = 68. Let d(q) = -1128*q + 29657. What is the remainder when d(26) is divided by g?
21
Let o = -9 - -9. Suppose o = 5*c + 3*c - 16. Suppose -c*z - 29 + 115 = 0. Calculate the remainder when z is divided by 25.
18
Suppose w - 8 = -2*b, w - 2*w + 12 = 4*b. Let u be 24/396 - (-932)/(-132). What is the remainder when u/((b/7)/(-2)) is divided by 26?
23
What is the remainder when 576 is divided by 34*(2 + (-182)/(-28))?
287
Let s(p) = 2*p**2 + 15*p + 9. Suppose -10*b - 317 = 2413. What is the remainder when 3/12 - (b/12 - 3) is divided by s(-8)?
9
Let f = -207 + 215. Let h(t) = -3*t + 35. Let q = 21 - 13. Calculate the remainder when h(f) is divided by q.
3
Suppose -3*z = -3*c - 324, -c + 5*c - 133 = -z. Calculate the remainder when z is divided by 7.
1
Suppose 35*b = 92*b - 32718. Calculate the remainder when b is divided by 34.
30
Suppose 36 - 8 = 14*l. Suppose -l*s - 2*g + 54 = -0*g, -2*g + 4 = 0. Let q = 164 - 150. What is the remainder when s is divided by q?
11
Suppose 5*q + 5 = 6*q, -3*o = q - 20. Let i = -18 + -14. Let t = i + 53. Calculate the remainder when t is divided by o.
1
What is the remainder when (17 - (-18 - -28)) + 1*1304 is divided by 94?
89
Let g(b) = -9*b**3 - 4*b - 4. What is the remainder when g(-3) is divided by 2/(-8) - 1099/(-28) - -4*(-93)/124?
35
What is the remainder when (4692/(-644))/((-6)/56) is divided by 31?
6
Let v(g) = 8*g**2 + 122*g + 47. What is the remainder when 99 is divided by v(-15)?
14
Let p(r) = 569*r + 5221. What is the remainder when 377 is divided by p(-9)?
77
Let x(y) = y**3 + 12*y**2 + 9*y - 1. Let z = -2310 + 2380. What is the remainder when z is divided by x(-11)?
7
Let w be 0 + 89/(-5) + 1/(-5). Let z = 45 + w. What is the remainder when 241 is divided by z?
25
Suppose 4*c + 3*k - 6*k = 3454, 4*c - 3466 = -3*k. Suppose 0 = 16*h - 14*h - 2, 0 = -2*d - 3*h + c. Calculate the remainder when d is divided by 19.
13
What is the remainder when (-66)/8*(6 + 140/(-10)) is divided by 42?
24
Suppose -3041 - 1357 = -42*b + 1272. Calculate the remainder when b is divided by (1 + -3)*2*-2.
7
Let r be 290 + -1*(6 + -3). Let k = r + -278. Calculate the remainder when (-2)/(-5) + 168/5 is divided by k.
7
Let f = -37 - -73. Suppose 0 = -3*u - 3*r + f + 63, 4*r = -u + 30. Suppose -4*s + 17*s - 91 = 0. Calculate the remainder when u is divided by s.
6
Calculate the remainder when 486 is divided by -23*(-4 - (-3)/(-4 - (0 + -7))).
3
Suppose 81*u - 28 = 85*u. Let c(j) = -24*j + 78. Calculate the remainder when c(u) is divided by 63.
57
Let j = -10757 - -11185. Calculate the remainder when j is divided by 233.
195
What is the remainder when 117 is divided by -6 + (-41650)/(-385) + (0 - 4/22)?
15
Let y = -206 + 250. Let f = 126 - y. Calculate the remainder when f is divided by 5.
2
Let q(u) = 21*u. Let f(x) = -3*x**2 + 296*x - 465. What is the remainder when q(3) is divided by f(97)?
3
Let l(o) = -14*o**2 + 48*o + 8. Calculate the remainder when 58 is divided by l(2).
10
Let q = 3 + 2. Suppose -6*b - 5 = 13. What is the remainder when q is divided by (-1)/(-4 - b)*5/1?
0
Suppose -2*j = -6*j - 3*n + 48, j + n = 13. Calculate the remainder when 2*(4 - 17/(-2)) is divided by j.
7
Suppose -5*u + 463 = 8*b + 126, 2*b + 3*u - 93 = 0. What is the remainder when 268 is divided by b?
34
Suppose -5*j + 444 = -4*l, -2*j + 3*l - 380 = -6*j. Let g = -7 + -107. Calculate the remainder when j is divided by 4/((-8)/(-3))*g/(-9).
16
Suppose -5*g + 4*s = -11 - 9, 2*g - s - 5 = 0. Suppose o = 2, 1 = z - g*z - 3*o. Suppose -2*v + 43 = z. Calculate the remainder when 86 is divided by v.
14
Suppose -3*y = -5*d - 6, -5*y - 5*d + 4 = -6. Calculate the remainder when (-26)/4*-2 - (-3 - -37 - 49) is divided by y.
0
Suppose 15*p - 6911 = -4991 + 27090. Calculate the remainder when p is divided by 38.
34
Let f(r) = 12*r**2 - 57*r + 16. Let t(i) = 19*i**2 - 85*i + 24. Let d(b) = -8*f(b) + 5*t(b). Calculate the remainder when d(12) is divided by 28.
24
Let c be ((-5)/2 + 1)*(-16)/(-24). Let p be (-5 - -10)*c/(-1). Suppose -158 = 3*y - p*y. Calculate the remainder when y is divided by 10.
9
Suppose 2*j + 7*w - 8*w = 118, 7*j - 4*w - 414 = 0. What is the remainder when 550 is divided by j?
28
Suppose 19728 = 105*k - 79812. Calculate the remainder when k is divided by 44.
24
Let b(g) be the second derivative of -g**4/12 - 17*g**3/6 + 7*g**2/2 + 3*g. What is the remainder when ((-2)/1 + 12)/(1/4) is divided by b(-17)?
5
Suppose -2*d + 1 = -3*d + 2*f, 0 = -4*d + 4*f - 8. Let p be (-1 - (-2)/6) + d/9. What is the remainder when p*(-2)/(-4)*(-7 - 55) is divided by 16?
15
Calculate the remainder when 1 + (-146931)/(-119) + (-4)/(-14) is divided by 46.
40
Let b(k) = 7*k - 1 + 4*k**2 - 32*k + 3*k. Calculate the remainder when b(8) is divided by 16.
15
Let c = -6824 - -7670. Calculate the remainder when c is divided by 49.
13
Let v(a) = a**3 + 6*a**2 - 6*a + 5. What is the remainder when -13*128/(-416) - -166 is divided by v(-5)?
50
Suppose -15*a + 3*q = -19*a + 9, 0 = 2*a + 3*q - 9. Suppose f + 11 = n, -5*n = 4*f - 46 - a. What is the remainder when 78 is divided by n?
8
Suppose -g + 5*j = -17, 4*j - 13 = -7*g + 4*g. Suppose g*d + 205 = 2*d. Let n = -38 - d. What is the remainder when 3 is divided by n?
0
Suppose 27*s = 8*s - 27*s + 1472. Suppose 150 = 2*g + 4*y, 3*g - 219 - 16 = 4*y. What is the remainder when g is divided by s?
13
Suppose -26*f + 2*x = -23*f - 345, -4*x + 460 = 4*f. What is the remainder when 681 is divided by f?
106
Let q(m) = -2*m**2 - 42*m + 18. Suppose 3*o - 170 = k, -5*o - 87 = -3*k - 365. Calculate the remainder when q(-14) is divided by o.
40
Let m = 61 + -59. Suppose -6*b = -11*b, m*b = i - 100. Calculate the remainder when i is divided by 57.
43
What is the remainder when 14/(-4)*2*144/(-56) is divided by (-102)/(-21) + (-10)/(-70)?
3
Let x(o) = 8*o - 4. Let k(g) = -680*g + 70829. Calculate the remainder when k(104) is divided by x(4).
25
Let c = 40 + 93. Suppose 7*d - 2*d = -3*x - 122, 162 = -3*x + 3*d. Let z = c + x. Calculate the remainder when z is divided by 29.
26
Let w be (-74)/(-26) + 0 + (-92)/(-598). Suppose -4*a + 2*d = -286, 2*a + w*d - 128 = d. Calculate the remainder when a is divided by 19.
12
Suppose -3*z - 5*h + 87 = 0, -3*z + h = -89 + 38. What is the remainder when 957 is divided by z?
7
Calculate the remainder when -4 + 12160/72 - 9 - 1/(-9) is divided by 89.
67
Let q = -506 - -785. Calculate the remainder when q is divided by 129/9 - 7 - 4/(-6).
7
Let j be (20/2)/2 - (-2 + -15). Suppose j - 127 = -3*h. Calculate the remainder when (2/2)/(1/103) is divided by h.
33
Let x = 389 + -389. What is the remainder when 141 is divided by (x - -1) + -7 - -44?
27
Let o = 13694 - 13671. Let x = -2 + 5. Suppose -2*s = -4*m + s + 27, -x*s + 3 = m. What is the remainder when o is divided by m?
5
Let p(u) = 7*u - 16. Suppose r + n = -14, 4*n = n. Let l = r + 36. What is the remainder when p(8) is divided by l?
18
Suppose 3*y + 907 = 5*q + 16006, y = q + 5035. Calculate the remainder when y is divided by 63.
61
Suppose 0 = -10*m - 30, -629 = -39*g + 34*g - 2*m. Calculate the remainder w